e 6*l = l - 15, t = 2*y - 5*l - 53. Is y a prime number?
True
Let u be (4/8)/(1/8). Let k(x) = 109*x**2 + 3*x - 4. Let b be k(u). Suppose -s - 2950 = -5*f - 0*f, -3*f + b = 3*s. Is f a prime number?
False
Let z be -2*(-3)/(-12)*-12. Let d be (-4 - -1)*8/z. Is ((-2)/4)/(d/4168) a prime number?
True
Suppose l + 9 = 4*l. Let j be ((-12)/(-18))/((-1)/l). Let m = j + 21. Is m a composite number?
False
Let d(v) = v**3 + 5*v**2 - 6*v + 1. Let o be d(-6). Let i be 7 - 1 - (o + 1). Suppose i*b - 9*b = -415. Is b a composite number?
False
Let x(y) = -678*y + 989. Is x(-21) a composite number?
False
Let d(q) = q**3 + 70*q**2 - 9*q + 149. Is d(-42) a composite number?
False
Let h = -41 + 92. Let i = h - -26. Is i a prime number?
False
Let c(s) = 36*s + 12. Let a be c(5). Suppose 0 = n, -m - n + a = -387. Let l = m + -356. Is l a prime number?
True
Suppose 2*b - b - 25 = 0. Suppose -7 + b = -2*a. Let h(z) = z**3 + 13*z**2 + 9*z + 8. Is h(a) prime?
True
Let s(n) = n - 7. Let l be s(9). Suppose -l*u = -u - 975. Suppose 5*x - u = -5*t, -11 - 9 = -5*t. Is x composite?
False
Let s(u) be the first derivative of 2*u**3 - 9*u**2/2 - 7*u - 3. Is s(-6) a composite number?
False
Let w(p) = -4*p**3 - 2*p**2 - 2*p - 1. Let b be w(-1). Suppose 5*y - 7*v + 27 = -b*v, 3*v = -3*y. Is ((-2)/y)/((-2)/(-447)) a prime number?
True
Suppose -4*v = -8*v + 3*w + 18949, -3*v = w - 14202. Is v a prime number?
False
Let y be (0/(-2 + 0 + 0))/2. Suppose 4*d + 1337 - 4349 = y. Is d composite?
True
Suppose -7*z = z - 9200. Suppose 2*w - f - z = 2*f, 3*w - 2*f = 1735. Is w a prime number?
False
Suppose -25*l + 91950 = 25*l. Is l a prime number?
False
Let d = -10795 + 18918. Is d a composite number?
False
Suppose -3*h + 285 = -5*h + 5*u, 2*u - 10 = 0. Let c = h - -219. Is c composite?
False
Suppose -2*l + 1 = -2*q + 13, 0 = -5*l - 25. Let y be 1/((15/6)/(-5)). Is (y*99)/(-3) + q prime?
True
Suppose 0 = -i + 5*b - 302, 4*i + b + 2*b + 1300 = 0. Let a = i + 523. Is a composite?
True
Let k = 15171 + -5092. Is k a composite number?
False
Let j = 58 - 52. Suppose -2852 = -j*o + 2*o. Is o composite?
True
Suppose -28*t = -276938 - 235098. Is t composite?
False
Let w(s) = s**3 + 3*s**2 - 3. Let t be w(-3). Let a be t*6/(-45)*20. Is 190 + (-1 - a/(-4)) prime?
True
Suppose 5*j - 11*p + 9*p - 3 = 0, -j - 3*p + 4 = 0. Is j - (4 + -872) - 0 a composite number?
True
Suppose -3*y + 3 = -6, -2*g - 821 = 5*y. Let c = g - -1339. Is c a composite number?
True
Suppose 2 = 4*x - 2. Suppose -4*j - x + 5 = -3*a, -3*j + 3 = 4*a. Let c(v) = v**3 + v**2 - v + 339. Is c(a) composite?
True
Suppose 15778 = 4*d + 3*x, 0*d + x + 15770 = 4*d. Is d a composite number?
False
Suppose -5*z + q + 299768 - 91714 = 0, 208057 = 5*z + 2*q. Is z a composite number?
False
Is (-8)/((-4)/24509 - 0) prime?
False
Let j(z) = -9*z**2 - 12*z + 3. Let t be j(13). Let x = -1181 - t. Is x a prime number?
False
Let h(p) = 7*p**2 + 22*p + 158. Is h(-57) a composite number?
False
Let l = 39 - 36. Suppose -l*d - 697 = -4*d. Is d prime?
False
Is 2/10 + (-50952)/(-30)*2 prime?
False
Suppose -c - 2*c + 9 = 0. Suppose -9*i = -10*i + c. Suppose i*m - 8*m = -115. Is m composite?
False
Let x(l) = 29*l + 1. Let s(m) = -57*m - 2. Let p(f) = -6*s(f) - 13*x(f). Is p(-1) prime?
False
Let a(r) = -2*r**3 + 2*r**2 - 4*r - 43. Is a(-21) composite?
True
Let u be (-4)/4*(-17 - -2). Is (-12 + u)/((-6)/(-13538)) prime?
False
Let v(s) = -s**3 + 26*s**2 + 28*s - 23. Let b be v(27). Is 185 - (5 - b) - -3 a composite number?
True
Suppose 0 = g + 3*o - 1964, -4*o = 5*g - 10728 + 875. Is g composite?
False
Suppose -24*i + 8784 = -342120. Is i a composite number?
False
Let g(s) = -2*s**3 - 2*s**2 + 6. Let o be -2*(-12)/8*-1. Let w be g(o). Suppose -w = -7*i + 5*i. Is i composite?
True
Let p be 4/(-14)*2 + 3074/14. Let j = p + -50. Is j prime?
False
Let l(j) = j**2 - 11*j + 3. Let i be l(11). Let m be i - 1/(2/(-120)). Suppose 8*r - 3*r = 5*x + 375, -2*x = r - m. Is r prime?
True
Suppose 4*u - 2*x = -3502, -4*u + 2659 = -7*u - 5*x. Let o = u + 2661. Is o composite?
False
Suppose -3*z + 24 = 3*x, 2*x - 3 = 2*z + 1. Let r(j) = 5*j**2 - 8*j + 12. Is r(x) composite?
False
Let s = 8 + -9. Let f(v) = -262*v. Let j(d) = 263*d. Let k(q) = 6*f(q) + 5*j(q). Is k(s) composite?
False
Is -1*302124/(-6) - (-8 + 1) a composite number?
True
Suppose 0 = 4*r + u - 5*u + 84, r + 15 = -2*u. Let s = -16 - r. Suppose -2*g = -s*g + 9. Is g a prime number?
False
Let v be (12/36)/(2/(-12)). Is (5 - (-144)/v)*(-1 - 0) a prime number?
True
Suppose 0 = w + 2*j - 12, -14 = -w - 5*j + 7. Let s(o) = o**3 + o**2 - 1. Is s(w) prime?
True
Let b(h) = -5*h + 51. Let o be b(9). Is ((-10)/o)/((-2)/258) a composite number?
True
Let b = 80316 - 55555. Is b a composite number?
True
Suppose 3*c - 2*l = 46, 0 = 4*l - 5 + 13. Suppose -5*u = -2*h - 0*u + c, 2*h + 10 = -u. Is ((-9)/h + -74)/(-1) a composite number?
False
Let s(l) = l**3 - 4*l**2 + 2*l + 7. Let k be s(3). Suppose -k*z + 9*z - 60 = 0. Is 1377/z + 2/8 a prime number?
False
Let x = -13028 - -18585. Is x a composite number?
False
Let v = 933 - -9445. Is v a prime number?
False
Suppose 10*m - 4680 = 5*m. Suppose m = 2*u + 62. Is u composite?
True
Let h = -3 + -2. Let g = -3 - h. Is (-32)/(-48)*1479/g a composite number?
True
Let j = 6 + -4. Suppose -j*g - 40 = -6*g. Let m = g - 7. Is m prime?
True
Let o(i) = 38*i - 2. Let h(r) = -77*r + 3. Let c(x) = -3*h(x) - 7*o(x). Is c(-4) a composite number?
True
Let z(l) = -l + 12. Let f be z(11). Let b(q) = q**3 - q. Let m be b(f). Suppose -3*s + 171 + m = 0. Is s a prime number?
False
Suppose -2*b - 19453 = -f, -4*f + 6*f + 3*b = 38899. Is f a prime number?
False
Suppose 1674*z + 15745 = 1679*z. Is z prime?
False
Let b = 200 - 103. Is b a composite number?
False
Suppose 8*n - 7 = -39. Is (-2)/9 - n/(288/28600) composite?
False
Let x(g) = 2*g + 11. Let q(s) = -3*s - 12. Let i(a) = -4*q(a) - 5*x(a). Let t be i(4). Is (3*t)/(14/1918) a composite number?
True
Let z(g) = g**2 + 11. Let x be z(-5). Let i = -22 + x. Is i composite?
True
Suppose -5*p + 3*p = t + 128, 0 = p + 2*t + 61. Suppose -2*z - 264 = -4*z. Let d = p + z. Is d a composite number?
False
Let d = -431 - -1062. Is d prime?
True
Let m(k) = 9*k**3 + 8*k**2 - 32*k - 17. Is m(7) prime?
False
Let g(v) = 39*v**2 + v + 8. Let t be g(-5). Let m(b) = b**2 - b - 8. Let z be m(0). Is (t/z)/((-3)/8) composite?
True
Suppose -5*m - 1598 = -3*r - 23454, 3*r = 9. Is m a prime number?
True
Suppose 3*k + 17*p - 106461 = 21*p, -106479 = -3*k - 2*p. Is k a prime number?
True
Suppose 9 = -4*f + 2*n + 3*n, 0 = 4*f - 3*n - 1. Let v be (f/4)/(0 + 1). Is (293 - (v - 1))/1 prime?
True
Is 310/62 + 2*5333 composite?
True
Let b(k) = 8*k**3 - 4*k**2 + k + 8. Let f(o) = o + 7. Let w be f(-4). Is b(w) prime?
True
Let b be (-122124)/(-132) - 2/11. Let p = 1298 - b. Is p composite?
False
Let i = 3375 - 134. Let s = i - 804. Is s prime?
True
Let o be (-6)/(-10) - (-262)/5. Suppose -44 = -2*x - 4*q, -4*x - q = -0*q - o. Is 2 - x/(-1) - 0 composite?
True
Suppose r - 4*x - 338 = 0, -3*x + 488 = 5*r - 1271. Let g = 45 + r. Is g a prime number?
False
Let k(i) = 326*i - 21. Let d be k(5). Suppose 5*q = 846 + d. Is q a prime number?
True
Suppose -3*u + 5*u = -k + 9, 0 = -5*k + 3*u + 71. Suppose 308 = -11*s + k*s. Let a = s - 23. Is a a composite number?
False
Let s(r) = 153*r**3 - 7*r + 39. Is s(4) prime?
True
Is (-706258)/(-732) - ((-10)/(-12) - 1) prime?
False
Is 8/(24/(-9)) - -5564 prime?
False
Let p = -548 + 1699. Is p composite?
False
Suppose 0 = -w - 1, 0 = 2*i + w + 3 - 12. Let s(o) = 4*o + 14*o + 14*o - 1. Is s(i) a prime number?
False
Let f(l) = 90*l. Let d be f(2). Let k = -98 + d. Is k a prime number?
False
Let f = 210 - 140. Suppose -6*h + f = -4*h. Is h a prime number?
False
Suppose 0*v + 4*v = 6628. Is v a prime number?
True
Is ((-1)/(-2))/((-9)/5536260*-10) composite?
False
Suppose 672 = -z + 3707. Is z a composite number?
True
Let u = 26 - 18. Let v(p) = -p**2 + 13*p - 4. Let i be v(u). Let w = i + 31. Is w a composite number?
False
Let t(i) = 12*i**3 + 2*i. Let z be t(-3). Is 60/z + (-64662)/(-22) composite?
False
Let i(k) = 8*k**2 + 6*k - 1. Suppose -5*f + 0*f = -5*h, -3*f = -5*h - 10. Is i(f) a composite number?
True
Let g be 5 - 8 - (-774 - 0). Let r = -443 + g. Let m = -2